{"id":8585,"date":"2025-04-22T16:55:20","date_gmt":"2025-04-22T19:55:20","guid":{"rendered":"https:\/\/w2mktdigital.com\/psdminas\/?page_id=8585"},"modified":"2025-04-22T17:01:29","modified_gmt":"2025-04-22T20:01:29","slug":"principios-valores-psd","status":"publish","type":"page","link":"https:\/\/w2mktdigital.com\/psdminas\/principios-valores-psd\/","title":{"rendered":"Princ\u00edpios e Valores"},"content":{"rendered":"\t\t<div data-elementor-type=\"wp-page\" data-elementor-id=\"8585\" class=\"elementor elementor-8585\" data-elementor-settings=\"{&quot;element_pack_global_tooltip_width&quot;:{&quot;unit&quot;:&quot;px&quot;,&quot;size&quot;:&quot;&quot;,&quot;sizes&quot;:[]},&quot;element_pack_global_tooltip_width_tablet&quot;:{&quot;unit&quot;:&quot;px&quot;,&quot;size&quot;:&quot;&quot;,&quot;sizes&quot;:[]},&quot;element_pack_global_tooltip_width_mobile&quot;:{&quot;unit&quot;:&quot;px&quot;,&quot;size&quot;:&quot;&quot;,&quot;sizes&quot;:[]},&quot;element_pack_global_tooltip_padding&quot;:{&quot;unit&quot;:&quot;px&quot;,&quot;top&quot;:&quot;&quot;,&quot;right&quot;:&quot;&quot;,&quot;bottom&quot;:&quot;&quot;,&quot;left&quot;:&quot;&quot;,&quot;isLinked&quot;:true},&quot;element_pack_global_tooltip_padding_tablet&quot;:{&quot;unit&quot;:&quot;px&quot;,&quot;top&quot;:&quot;&quot;,&quot;right&quot;:&quot;&quot;,&quot;bottom&quot;:&quot;&quot;,&quot;left&quot;:&quot;&quot;,&quot;isLinked&quot;:true},&quot;element_pack_global_tooltip_padding_mobile&quot;:{&quot;unit&quot;:&quot;px&quot;,&quot;top&quot;:&quot;&quot;,&quot;right&quot;:&quot;&quot;,&quot;bottom&quot;:&quot;&quot;,&quot;left&quot;:&quot;&quot;,&quot;isLinked&quot;:true},&quot;element_pack_global_tooltip_border_radius&quot;:{&quot;unit&quot;:&quot;px&quot;,&quot;top&quot;:&quot;&quot;,&quot;right&quot;:&quot;&quot;,&quot;bottom&quot;:&quot;&quot;,&quot;left&quot;:&quot;&quot;,&quot;isLinked&quot;:true},&quot;element_pack_global_tooltip_border_radius_tablet&quot;:{&quot;unit&quot;:&quot;px&quot;,&quot;top&quot;:&quot;&quot;,&quot;right&quot;:&quot;&quot;,&quot;bottom&quot;:&quot;&quot;,&quot;left&quot;:&quot;&quot;,&quot;isLinked&quot;:true},&quot;element_pack_global_tooltip_border_radius_mobile&quot;:{&quot;unit&quot;:&quot;px&quot;,&quot;top&quot;:&quot;&quot;,&quot;right&quot;:&quot;&quot;,&quot;bottom&quot;:&quot;&quot;,&quot;left&quot;:&quot;&quot;,&quot;isLinked&quot;:true}}\" data-elementor-post-type=\"page\">\n\t\t\t\t<div class=\"elementor-element elementor-element-84ddbae e-flex e-con-boxed e-con e-parent\" data-id=\"84ddbae\" data-element_type=\"container\" data-settings=\"{&quot;background_background&quot;:&quot;classic&quot;}\">\n\t\t\t\t\t<div class=\"e-con-inner\">\n\t\t<div class=\"elementor-element elementor-element-7979df4 e-con-full e-flex e-con e-child\" data-id=\"7979df4\" data-element_type=\"container\" data-settings=\"{&quot;background_background&quot;:&quot;classic&quot;}\">\n\t\t\t\t<div class=\"elementor-element elementor-element-d539455 elementor-widget elementor-widget-heading\" data-id=\"d539455\" data-element_type=\"widget\" data-widget_type=\"heading.default\">\n\t\t\t\t<div class=\"elementor-widget-container\">\n\t\t\t\t\t<h2 class=\"elementor-heading-title elementor-size-default\">Princ\u00edpios e Valores<\/h2>\t\t\t\t<\/div>\n\t\t\t\t<\/div>\n\t\t\t\t<div class=\"elementor-element elementor-element-c737b0d elementor-widget-divider--separator-type-pattern elementor-widget-divider--view-line elementor-widget elementor-widget-divider\" data-id=\"c737b0d\" data-element_type=\"widget\" data-widget_type=\"divider.default\">\n\t\t\t\t<div class=\"elementor-widget-container\">\n\t\t\t\t\t\t\t<div class=\"elementor-divider\" style=\"--divider-pattern-url: url(&quot;data:image\/svg+xml,%3Csvg xmlns=&#039;http:\/\/www.w3.org\/2000\/svg&#039; preserveAspectRatio=&#039;none&#039; overflow=&#039;visible&#039; height=&#039;100%&#039; viewBox=&#039;0 0 24 24&#039; fill=&#039;black&#039; stroke=&#039;none&#039;%3E%3Cpolygon points=&#039;9.4,2 24,2 14.6,21.6 0,21.6&#039;\/%3E%3C\/svg%3E&quot;);\">\n\t\t\t<span class=\"elementor-divider-separator\">\n\t\t\t\t\t\t<\/span>\n\t\t<\/div>\n\t\t\t\t\t\t<\/div>\n\t\t\t\t<\/div>\n\t\t<div class=\"elementor-element elementor-element-d857c54 e-con-full e-flex e-con e-child\" data-id=\"d857c54\" data-element_type=\"container\">\n\t\t\t\t<div class=\"elementor-element elementor-element-4ceafca elementor-widget elementor-widget-text-editor\" data-id=\"4ceafca\" data-element_type=\"widget\" data-widget_type=\"text-editor.default\">\n\t\t\t\t<div class=\"elementor-widget-container\">\n\t\t\t\t\t\t\t\t\t<h5 class=\"post__title px-lg-0 py-1\"><span style=\"font-size: 16px;\">09 de mar de 2012<\/span><\/h5><div class=\"post__content py-3\"><p><em>Em ato p\u00fablico em S\u00e3o Paulo, em 22 de mar\u00e7o de 2011, foram anunciadas pela primeira vez algumas diretrizes\u00a0em torno das quais se uniriam for\u00e7as pol\u00edticas de todas o Pa\u00eds para a forma\u00e7\u00e3o do Partido Social Democr\u00e1tico.<\/em>\u00a0<em>Redigido pelo ent\u00e3o vice-governador de S\u00e3o Paulo, Guilherme Afif, e lido por ele mesmo naquele dia, esse documento de quatro p\u00e1ginas continha as linhas gerais de atua\u00e7\u00e3o do futuro PSD, que foram reafirmadas, dias depois, no lan\u00e7amento nacional do partido, em Salvador, na Bahia.\u00a0<\/em><em>Seis meses depois, em 28 de setembro, ap\u00f3s receber do Tribunal Superior Eleitoral a sua certid\u00e3o de nascimento, o PSD divulgou um Manifesto \u00e0 Na\u00e7\u00e3o.<\/em>\u00a0<em>Lido em Bras\u00edlia pelo presidente nacional, Gilberto Kassab, o manifesto consolida os princ\u00edpios e valores que, acima e al\u00e9m de carimbos ideol\u00f3gicos, s\u00e3o defendidos pelo PSD, indicam seus rumos e orientam suas a\u00e7\u00f5es.<\/em><\/p><p><a href=\"http:\/\/www.psd.org.br\/as-diretrizes-iniciais-do-psd\/\" target=\"_blank\" rel=\"noopener noreferrer\">Veja tamb\u00e9m as diretrizes iniciais do partido<\/a><\/p><ul><li>O partido Social Democr\u00e1tico tem posi\u00e7\u00e3o clara na defesa das liberdades de express\u00e3o e opini\u00e3o e ao direito do cidad\u00e3o \u00e0 informa\u00e7\u00e3o. Somos, por convic\u00e7\u00e3o e princ\u00edpio, contra qualquer tipo de censura, controle, restri\u00e7\u00e3o ou regulamenta\u00e7\u00e3o da m\u00eddia.<br \/><br \/><\/li><li>O PSD ser\u00e1 tamb\u00e9m intransigente na condena\u00e7\u00e3o e den\u00fancia p\u00fablica da corrup\u00e7\u00e3o e dos malfeitos. Est\u00e1 ao lado da sociedade, do trabalhador, dos jovens, da fam\u00edlia brasileira que exigem respeito ao dinheiro p\u00fablico e comportamento \u00e9tico, coer\u00eancia e honestidade de seus governantes e da classe pol\u00edtica.<br \/><br \/><\/li><li>O exerc\u00edcio da pol\u00edtica tem de ser respons\u00e1vel, transparente, n\u00e3o comporta conluios, conchavos ou sombras.<br \/><br \/><\/li><li>O PSD defende o voto distrital, com introdu\u00e7\u00e3o gradual, inicialmente nos 85 munic\u00edpios com 200 mil ou mais eleitores onde hoje h\u00e1 segundo turno.<br \/><br \/><\/li><li>Defendemos a iniciativa e a propriedade privadas, a economia de mercado como o regime capaz de gerar riqueza e desenvolvimento, sem os quais n\u00e3o se erradica a pobreza. Acreditamos num estado forte, regulador, mas democr\u00e1tico e centrado nas suas prioridades sociais.<br \/><br \/><\/li><li>Apoiamos as pol\u00edticas sociais aos que mais precisam do amparo do estado, e a necessidade de abrir as portas de entrada do emprego digno para esses cidad\u00e3os. Devemos isso ao Brasil que quer e precisa se modernizar, se tornar mais \u00e1gil, se libertar das impossibilidades e oferecer, de verdade, igualdade de oportunidade aos que querem se profissionalizar, gerir seu pr\u00f3prio neg\u00f3cio e vencer na vida. O PSD contar\u00e1 com a experi\u00eancia de algumas das mais importantes lideran\u00e7as sindicais do Brasil para\u00a0 defender pol\u00edticas de inclus\u00e3o social e desenvolvimento trabalhista.<br \/><br \/><\/li><li>O PSD aposta na agricultura e na pecu\u00e1ria \u2013 como parte da cadeia produtiva do agroneg\u00f3cio \u2013 que libertou do atraso hist\u00f3rico as popula\u00e7\u00f5es do campo, transformando antigos propriet\u00e1rios rurais em empres\u00e1rios e criando uma nova classe de trabalhadores especializados e valorizados. Mas fazemos quest\u00e3o de lembrar e valorizar a multid\u00e3o de pequenos produtores, uma classe batalhadora que carrega o Brasil nas costas.<br \/><br \/><\/li><li>O PSD apoia e defende a preserva\u00e7\u00e3o do meio ambiente como fator de sobreviv\u00eancia do homem e da pr\u00f3pria vida do planeta. \u00c9 poss\u00edvel alargar as fronteiras da produ\u00e7\u00e3o, de maneira sustent\u00e1vel e respons\u00e1vel.<br \/><br \/><\/li><li>O PSD exige a exposi\u00e7\u00e3o clara, em todos os produtos comercializados, de todos os impostos ocultos nos pre\u00e7os dos bens e servi\u00e7os, para que o cidad\u00e3o saiba o que paga e o que tem direito a receber de volta do Estado. Pago, logo exijo: esse \u00e9 o cidad\u00e3o alerta e ativo que queremos.<br \/><br \/><\/li><li>O PSD n\u00e3o far\u00e1 oposi\u00e7\u00e3o pela oposi\u00e7\u00e3o. Faremos pol\u00edtica para ajudar o Brasil. Nossos advers\u00e1rios n\u00e3o s\u00e3o inimigos a eliminar, mas cidad\u00e3os com os quais vamos dialogar, sem viol\u00eancias ou radicalismos.<br \/><br \/><\/li><li>Temos democracia, direitos, liberdade, conquistas e avan\u00e7os sociais. Nossa Constitui\u00e7\u00e3o est\u00e1 a\u00ed, em pleno funcionamento. Mas temos ainda enormes desigualdades sociais, fome e injusti\u00e7as.<br \/><br \/><\/li><li>Sem violentar direitos e liberdades j\u00e1 conquistados, vamos enfrentar os pontos fundamentais que est\u00e3o travando e obstruindo o desenvolvimento do Brasil. Com nossas cren\u00e7as e uma constituinte exclusiva em 2014, vamos \u00e0 luta unidos para construir um Pa\u00eds mais moderno e desenvolvido, mais \u00e9tico, justo, e solid\u00e1rio.<\/li><\/ul><\/div>\t\t\t\t\t\t\t\t<\/div>\n\t\t\t\t<\/div>\n\t\t\t\t<\/div>\n\t\t\t\t<\/div>\n\t\t<div class=\"elementor-element elementor-element-93598c4 e-con-full e-flex e-con e-child\" data-id=\"93598c4\" data-element_type=\"container\" data-settings=\"{&quot;background_background&quot;:&quot;classic&quot;}\">\n\t\t<div class=\"elementor-element elementor-element-de6196f e-con-full e-flex e-con e-child\" data-id=\"de6196f\" data-element_type=\"container\">\n\t\t\t\t<div class=\"elementor-element elementor-element-a127389 elementor-nav-menu__align-center elementor-nav-menu--dropdown-tablet elementor-nav-menu__text-align-aside elementor-widget elementor-widget-nav-menu\" data-id=\"a127389\" data-element_type=\"widget\" data-settings=\"{&quot;layout&quot;:&quot;horizontal&quot;,&quot;submenu_icon&quot;:{&quot;value&quot;:&quot;&lt;svg class=\\&quot;e-font-icon-svg e-fas-caret-down\\&quot; viewBox=\\&quot;0 0 320 512\\&quot; xmlns=\\&quot;http:\\\/\\\/www.w3.org\\\/2000\\\/svg\\&quot;&gt;&lt;path d=\\&quot;M31.3 192h257.3c17.8 0 26.7 21.5 14.1 34.1L174.1 354.8c-7.8 7.8-20.5 7.8-28.3 0L17.2 226.1C4.6 213.5 13.5 192 31.3 192z\\&quot;&gt;&lt;\\\/path&gt;&lt;\\\/svg&gt;&quot;,&quot;library&quot;:&quot;fa-solid&quot;}}\" data-widget_type=\"nav-menu.default\">\n\t\t\t\t<div class=\"elementor-widget-container\">\n\t\t\t\t\t\t\t\t<nav aria-label=\"Menu\" class=\"elementor-nav-menu--main elementor-nav-menu__container elementor-nav-menu--layout-horizontal e--pointer-underline e--animation-fade\">\n\t\t\t\t<ul id=\"menu-1-a127389\" class=\"elementor-nav-menu\"><li class=\"menu-item menu-item-type-post_type menu-item-object-page menu-item-7413\"><a href=\"https:\/\/w2mktdigital.com\/psdminas\/quem-quem-ministro\/\" class=\"elementor-item\">Ministro<\/a><\/li>\n<li class=\"menu-item menu-item-type-post_type menu-item-object-page menu-item-7415\"><a href=\"https:\/\/w2mktdigital.com\/psdminas\/quem-quem-senador\/\" class=\"elementor-item\">Senador<\/a><\/li>\n<li class=\"menu-item menu-item-type-post_type menu-item-object-page menu-item-7416\"><a href=\"https:\/\/w2mktdigital.com\/psdminas\/quem-quem-deputados-federais\/\" class=\"elementor-item\">Deputados Federais<\/a><\/li>\n<li class=\"menu-item menu-item-type-post_type menu-item-object-page menu-item-7418\"><a href=\"https:\/\/w2mktdigital.com\/psdminas\/quem-quem-deputados-estaduais\/\" class=\"elementor-item\">Deputados Estaduais<\/a><\/li>\n<li class=\"menu-item menu-item-type-post_type menu-item-object-page menu-item-7414\"><a href=\"https:\/\/w2mktdigital.com\/psdminas\/prefeitos\/\" class=\"elementor-item\">Prefeitos<\/a><\/li>\n<li class=\"menu-item menu-item-type-post_type menu-item-object-page menu-item-7417\"><a href=\"https:\/\/w2mktdigital.com\/psdminas\/vereadores\/\" class=\"elementor-item\">Prefeitos e Vereadores<\/a><\/li>\n<\/ul>\t\t\t<\/nav>\n\t\t\t\t\t\t<nav class=\"elementor-nav-menu--dropdown elementor-nav-menu__container\" aria-hidden=\"true\">\n\t\t\t\t<ul id=\"menu-2-a127389\" class=\"elementor-nav-menu\"><li class=\"menu-item menu-item-type-post_type menu-item-object-page menu-item-7413\"><a href=\"https:\/\/w2mktdigital.com\/psdminas\/quem-quem-ministro\/\" class=\"elementor-item\" tabindex=\"-1\">Ministro<\/a><\/li>\n<li class=\"menu-item menu-item-type-post_type menu-item-object-page menu-item-7415\"><a href=\"https:\/\/w2mktdigital.com\/psdminas\/quem-quem-senador\/\" class=\"elementor-item\" tabindex=\"-1\">Senador<\/a><\/li>\n<li class=\"menu-item menu-item-type-post_type menu-item-object-page menu-item-7416\"><a href=\"https:\/\/w2mktdigital.com\/psdminas\/quem-quem-deputados-federais\/\" class=\"elementor-item\" tabindex=\"-1\">Deputados Federais<\/a><\/li>\n<li class=\"menu-item menu-item-type-post_type menu-item-object-page menu-item-7418\"><a href=\"https:\/\/w2mktdigital.com\/psdminas\/quem-quem-deputados-estaduais\/\" class=\"elementor-item\" tabindex=\"-1\">Deputados Estaduais<\/a><\/li>\n<li class=\"menu-item menu-item-type-post_type menu-item-object-page menu-item-7414\"><a href=\"https:\/\/w2mktdigital.com\/psdminas\/prefeitos\/\" class=\"elementor-item\" tabindex=\"-1\">Prefeitos<\/a><\/li>\n<li class=\"menu-item menu-item-type-post_type menu-item-object-page menu-item-7417\"><a href=\"https:\/\/w2mktdigital.com\/psdminas\/vereadores\/\" class=\"elementor-item\" tabindex=\"-1\">Prefeitos e Vereadores<\/a><\/li>\n<\/ul>\t\t\t<\/nav>\n\t\t\t\t\t\t<\/div>\n\t\t\t\t<\/div>\n\t\t\t\t<\/div>\n\t\t\t\t<\/div>\n\t\t\t\t\t<\/div>\n\t\t\t\t<\/div>\n\t\t\t\t<\/div>\n\t\t","protected":false},"excerpt":{"rendered":"<p>Princ\u00edpios e Valores 09 de mar de 2012 Em ato p\u00fablico em S\u00e3o Paulo, em 22 de mar\u00e7o de 2011, foram anunciadas pela primeira vez algumas diretrizes\u00a0em torno das quais se uniriam for\u00e7as pol\u00edticas de todas o Pa\u00eds para a forma\u00e7\u00e3o do Partido Social Democr\u00e1tico.\u00a0Redigido pelo ent\u00e3o vice-governador de S\u00e3o Paulo, Guilherme Afif, e lido [&hellip;]<\/p>\n","protected":false},"author":1,"featured_media":0,"parent":0,"menu_order":0,"comment_status":"closed","ping_status":"closed","template":"","meta":{"footnotes":""},"class_list":["post-8585","page","type-page","status-publish","hentry"],"_links":{"self":[{"href":"https:\/\/w2mktdigital.com\/psdminas\/wp-json\/wp\/v2\/pages\/8585","targetHints":{"allow":["GET"]}}],"collection":[{"href":"https:\/\/w2mktdigital.com\/psdminas\/wp-json\/wp\/v2\/pages"}],"about":[{"href":"https:\/\/w2mktdigital.com\/psdminas\/wp-json\/wp\/v2\/types\/page"}],"author":[{"embeddable":true,"href":"https:\/\/w2mktdigital.com\/psdminas\/wp-json\/wp\/v2\/users\/1"}],"replies":[{"embeddable":true,"href":"https:\/\/w2mktdigital.com\/psdminas\/wp-json\/wp\/v2\/comments?post=8585"}],"version-history":[{"count":16,"href":"https:\/\/w2mktdigital.com\/psdminas\/wp-json\/wp\/v2\/pages\/8585\/revisions"}],"predecessor-version":[{"id":8603,"href":"https:\/\/w2mktdigital.com\/psdminas\/wp-json\/wp\/v2\/pages\/8585\/revisions\/8603"}],"wp:attachment":[{"href":"https:\/\/w2mktdigital.com\/psdminas\/wp-json\/wp\/v2\/media?parent=8585"}],"curies":[{"name":"wp","href":"https:\/\/api.w.org\/{rel}","templated":true}]}}